-524 = -49*b + 162. What is the highest common factor of b and 259?
7
Let x(m) = 5*m**2 - 4*m + 3. Let k be x(-4). Suppose 0 = -5*p + 2*l + 37 + 120, 4*l + 116 = 4*p. What is the greatest common factor of p and k?
33
Let j(n) = -n + 7. Let q be j(6). Let g(m) = -q - 2 - 15*m + 12*m. Let l be g(-3). Calculate the highest common divisor of 15 and l.
3
Let b be (14/42)/((-1)/18). Let a be 179/6 - 1/b. Calculate the greatest common divisor of 12 and a.
6
Suppose 3*q = -5*b - q, -4*b - 5*q = 9. Let f be (b/(-5))/(16/(-120)). Calculate the highest common divisor of 3 and f.
3
Suppose 56 = -4*x - 0*x. Let a be 5/(-15) + x/(-6). Calculate the greatest common divisor of 6 and a.
2
Let y(g) = -3*g - 13. Let l be y(-4). Let t be l/(-2)*216/18. What is the highest common divisor of 54 and t?
6
Let x(w) = -w**2 + 45*w + 70. Let c be x(34). Calculate the highest common divisor of c and 48.
12
Suppose 21 = h + 2*h. Let s(v) = -v**3 + v**2 + 2*v - 42. Let u be s(0). Let g = u - -77. What is the highest common divisor of h and g?
7
Suppose w - 6*w - 6 = -4*b, -3*w + b = -2. Suppose 5*r - 1613 - 30 = -2*x, 2 = -w*x. What is the highest common factor of 47 and r?
47
Suppose 5*u - 5*o - 56 = -1, 0 = 3*u - o - 31. Calculate the greatest common factor of 80 and u.
10
Suppose 49*p - 370 = 12*p. Suppose -a - 60 = -3*a. What is the greatest common factor of p and a?
10
Let v be (-3 - -6) + (40/1 - -2). What is the greatest common divisor of 420 and v?
15
Let s = -327 - -357. Calculate the highest common divisor of 265 and s.
5
Let l(v) be the second derivative of v**3/3 - 9*v**2/2 + v. Let q be l(12). Calculate the greatest common factor of q and 135.
15
Let u be 3528/20 - (-22)/(-55). Let i(p) = p**3 - 10*p**2 - 11*p + 11. Let m be i(11). What is the greatest common factor of m and u?
11
Let f = 165 + -153. Let i(q) = -2*q - 3. Let b be i(-4). Suppose t - f = 2*x - 5, b*t - 2*x - 67 = 0. Calculate the highest common divisor of 120 and t.
15
Let h be (2010/8)/((-725)/(-1160)). What is the highest common factor of h and 24?
6
Let t(a) = 3*a - 3 + 10 + 2*a - 4*a. Suppose 0 = 2*f - 6*f. Let i be t(f). What is the greatest common divisor of 7 and i?
7
Let v(a) = -8*a + 1. Let b be v(2). Let t be 4/10 - 714/b. Let l = 103 - t. Calculate the greatest common factor of l and 5.
5
Let d = -34 + 36. Suppose 3*x - 28 = d. What is the greatest common factor of x and 5?
5
Let k(d) be the second derivative of -d**3/6 + 7*d**2 - d. Let r = 821 + -832. Let x be k(r). What is the greatest common factor of x and 5?
5
Let q = 1756 + -1729. What is the greatest common divisor of 3375 and q?
27
Let x = -2793 + 4707. What is the highest common factor of 66 and x?
66
Suppose -v + 4 = -0*v. Let f(t) = 4*t - 14. Let s be f(4). Suppose 0 = 3*g - v*p - 128, -s*p + 5*p = -g + 34. What is the greatest common divisor of 100 and g?
20
Suppose r = k + 17, 5*k - r + 40 = -29. Let o = 29 - k. Calculate the greatest common factor of 21 and o.
21
Suppose -3*u + 0*u = -6. Suppose 3*q = -u*y + 103, -y = -4*q - 0*y + 130. Let i = q - 21. What is the highest common factor of i and 8?
4
Let d = 20 - 11. Suppose -50*k = -26*k + 15*k - 468. Calculate the greatest common divisor of d and k.
3
Let p(d) = 9*d - 135. Let c be p(20). What is the highest common divisor of 9 and c?
9
Let r(h) = -10*h**3 - 2*h**2 - 5*h + 2. Let l be r(-2). What is the highest common factor of l and 105?
21
Let x(b) = b**3 - b**2 - 9*b + 6. Let a be x(3). Let v = 8 - a. What is the greatest common factor of v and 22?
11
Let v(k) = 16*k - 3. Let t be v(5). Let x be (1/(2/6))/((-39)/(-143)). What is the highest common factor of x and t?
11
Suppose 0 = -2*k - q + 5*q + 12, 4*k + 2*q = 4. Suppose -k*l - 2 = -4. Let j be 0 + (-1 + 2)*(-4)/(-1). What is the greatest common divisor of j and l?
1
Suppose 9 + 5 = 5*q - 4*v, -2*q = 2*v - 20. Let u be (21/q + -3)*36. Calculate the highest common divisor of 162 and u.
18
Suppose -50*d + 13393 = -26607. Calculate the highest common divisor of 140 and d.
20
Let u be 28/(7 + -6) - 0. Calculate the greatest common divisor of u and 700.
28
Suppose 3*f - 3*x - 54 = 0, 7*f - 4*x = 2*f + 86. Suppose -5*n + f = v, v + 3*n - 9 = 1. What is the highest common factor of 28 and v?
4
Let u = 260 - 32. Suppose -312 - u = -5*d. What is the greatest common divisor of d and 12?
12
Let o be 1/(925/(-465) + 2) - 3. Calculate the greatest common divisor of 10 and o.
10
Let m = 236 + -191. What is the highest common divisor of 135 and m?
45
Suppose 12*q = 8*q - 496. Let t = q + 136. Calculate the greatest common divisor of t and 4.
4
Let z(n) = n**3 + 12*n**2 - 6*n + 13. Let r be z(-7). Calculate the highest common divisor of 60 and r.
60
Suppose 8 = 2*y, -5*y + 4 + 0 = -t. Calculate the highest common divisor of 16 and t.
16
Let t(g) = -g**3 + 4*g**2 + 4*g - 3. Let n be t(4). Let z = 16 - n. Let u = 2 + z. What is the greatest common factor of u and 55?
5
Suppose -2 - 18 = 4*y, 0 = -4*w + 2*y + 38. What is the greatest common divisor of w and 14?
7
Suppose 227 + 111 = 26*u. Let z = -5 + 32. Let o = z - u. Calculate the greatest common divisor of o and 7.
7
Suppose -20 + 23 = 2*q - 15. Let c be (-38)/(-4) - (-1)/(-2). What is the greatest common factor of q and c?
9
Let n = -67 + 349. What is the highest common factor of 6 and n?
6
Let v be 1/2*74 - 13/13. What is the greatest common divisor of 72 and v?
36
Let t be -4*5/110 + 10902/66. Calculate the highest common factor of 15 and t.
15
Let d(v) = -8*v - 31. Let n be d(-16). Let f = n - 66. Calculate the highest common factor of f and 93.
31
Suppose -4*m = -m. Let i(j) = j + 21. Let x be i(m). What is the greatest common factor of x and 14?
7
Suppose -4*w = 4*i + 24, i = -2*w - 3*i - 22. Let b be ((-90)/24)/(w/12). What is the highest common factor of 18 and b?
9
Suppose -5*m - 5*n + 205 = 0, 3*m - 3*n + 8*n = 117. Calculate the greatest common factor of m and 110.
22
Let f(a) = -a**3 - 12*a**2 + 13*a + 21. Let o = -41 - -28. Let p be f(o). What is the highest common factor of 35 and p?
7
Let j be 3/(-12)*-4*5. Suppose -28 - 24 = -2*m + 4*c, -3*m = j*c - 34. Suppose -r + 194 = -4. What is the highest common factor of m and r?
18
Let y = 0 + -1. Let b(u) = -80*u**3 - u**2 - u. Let n be b(y). Let a be 2 + (6 - (-13 + 5)). Calculate the highest common divisor of n and a.
16
Let b(x) = 88*x + 5. Let a be b(4). Let h = -104 + a. Calculate the highest common divisor of h and 23.
23
Let u = 1012 + -897. What is the greatest common divisor of u and 10?
5
Let i = 24 + -5. Suppose -30*n = -16*n - 1330. What is the greatest common divisor of i and n?
19
Let x(l) = 3*l**2 - 11*l - 14. Suppose -18 = -26*o + 29*o. Let v be x(o). What is the highest common divisor of v and 40?
40
Let i = 330 + -105. What is the greatest common divisor of 50 and i?
25
Let s be (-3)/6*2 - 0. Let l(j) = 99*j**2 - 1. Let f be l(s). Suppose -f = -4*x + w, -3*x = -w - 2*w - 69. What is the greatest common divisor of 25 and x?
25
Let v = 99 - 101. Let x be ((-88)/(-24) + -3)/(v/(-6)). Calculate the greatest common factor of 14 and x.
2
Let n be 4/14 + 40/7. Let o = 13 - n. Suppose v - 4*w = -6*w + 24, 3*v = w + 37. What is the highest common divisor of o and v?
7
Let m = 179 - 305. Suppose 36 = 5*k + 336. Let n = k - m. What is the highest common factor of 6 and n?
6
Let l(g) = -2*g**3 - 16*g**2 - 8*g - 30. Let w be l(-8). Calculate the highest common factor of 34 and w.
34
Let t be 154/22 + 3*-2. Calculate the greatest common divisor of 86 and t.
1
Let s = -28 - -60. Suppose 4*u = -4*g + 892, -3*g - 209 = -5*u + 914. What is the highest common factor of u and s?
32
Let n(b) = 3*b**2 + 112*b - 250. Let i be n(-40). Calculate the greatest common divisor of i and 130.
10
Let y = -48 - -12. Let l be ((-1)/2)/(9/y). Suppose 191 = -0*o + 2*o + 3*s, -l*o + 5*s = -167. What is the highest common factor of 13 and o?
13
Let i = 81 + 414. Calculate the highest common divisor of 220 and i.
55
Let p be (-29)/(-58) + (-51)/(-2). What is the greatest common factor of 351 and p?
13
Let l(u) = -136 - 3*u + 122 + 4*u. Let k be l(15). Calculate the highest common divisor of 1 and k.
1
Let x be 1 - (0 + (1 - 54)). Suppose 0 = -4*z + 5*k + 215, 3*z - 11 = 5*k + 144. Suppose 8*v + 2*v = z. What is the highest common divis